79 and 13.
13
What is the greatest common factor of 1313452 and 56?
28
What is the greatest common divisor of 348798 and 122?
122
What is the highest common divisor of 99128 and 40?
8
Calculate the greatest common factor of 1102224 and 16.
16
Calculate the highest common divisor of 1090 and 5341.
109
Calculate the greatest common factor of 13836 and 156.
12
Calculate the highest common factor of 55165 and 55.
55
Calculate the highest common factor of 17 and 1387778.
17
Calculate the greatest common factor of 272 and 840208.
272
Calculate the greatest common divisor of 108 and 247284.
36
What is the greatest common factor of 563 and 311339?
563
What is the highest common divisor of 15211 and 742?
371
What is the highest common factor of 9348 and 96432?
492
Calculate the highest common divisor of 482680 and 1760.
440
Calculate the highest common factor of 196 and 27146.
98
What is the highest common divisor of 5360270 and 255?
85
What is the highest common divisor of 76 and 19114?
38
What is the greatest common divisor of 1652715 and 1710?
855
Calculate the highest common factor of 2875 and 148465.
115
What is the highest common factor of 18939 and 1712?
107
What is the greatest common factor of 27 and 3581847?
27
Calculate the highest common divisor of 115 and 371335.
115
Calculate the greatest common divisor of 8658 and 814.
74
What is the greatest common factor of 9139 and 6175?
247
What is the highest common divisor of 28088 and 32?
8
What is the greatest common factor of 18 and 303678?
18
Calculate the greatest common divisor of 38790 and 360.
90
What is the highest common factor of 1649 and 459?
17
Calculate the highest common factor of 10638 and 1728.
54
Calculate the greatest common factor of 336 and 332451.
21
Calculate the highest common divisor of 68 and 14348.
68
Calculate the greatest common divisor of 20 and 23410.
10
What is the greatest common divisor of 1457 and 1269?
47
Calculate the highest common divisor of 297 and 5247.
99
Calculate the greatest common factor of 14483 and 14.
7
Calculate the greatest common factor of 254814 and 42.
42
Calculate the greatest common factor of 14 and 57218.
14
Calculate the highest common divisor of 67788 and 224.
28
Calculate the greatest common factor of 633 and 2211.
3
What is the greatest common divisor of 238592 and 128?
128
What is the greatest common divisor of 28672 and 3776?
64
What is the greatest common factor of 1047612 and 804?
804
What is the highest common divisor of 50 and 40775?
25
Calculate the greatest common divisor of 7268 and 644.
92
Calculate the greatest common factor of 32 and 14860.
4
Calculate the greatest common factor of 384 and 42.
6
Calculate the greatest common factor of 3904 and 2074.
122
Calculate the greatest common divisor of 4503765 and 7.
7
What is the highest common divisor of 87 and 127?
1
Calculate the highest common divisor of 492 and 6060.
12
Calculate the greatest common factor of 1085 and 3193.
31
Calculate the highest common factor of 875 and 509705.
35
What is the greatest common factor of 119997 and 243?
9
What is the greatest common factor of 445214 and 98?
98
Calculate the greatest common factor of 22 and 370.
2
Calculate the highest common factor of 473620 and 10.
10
What is the highest common factor of 13467562 and 482?
482
What is the greatest common factor of 10747 and 308?
11
Calculate the greatest common factor of 400 and 61600.
400
Calculate the highest common factor of 124442 and 43.
43
What is the greatest common divisor of 1232 and 184756?
44
What is the greatest common divisor of 290016 and 160?
32
Calculate the highest common factor of 936 and 245934.
234
Calculate the highest common divisor of 1667218 and 84.
14
Calculate the greatest common factor of 11 and 294019.
11
Calculate the highest common factor of 900090 and 270.
90
Calculate the greatest common divisor of 45228 and 9.
3
Calculate the greatest common factor of 784 and 413616.
112
What is the greatest common factor of 9521230 and 10?
10
What is the greatest common factor of 56 and 1314992?
56
Calculate the highest common factor of 15296 and 256.
64
Calculate the greatest common divisor of 799 and 19599.
47
What is the highest common factor of 23219204 and 1621?
1621
What is the highest common divisor of 316 and 3318?
158
What is the greatest common divisor of 2084 and 405338?
1042
What is the highest common divisor of 130 and 24284?
26
What is the highest common divisor of 98430 and 480?
30
What is the highest common factor of 152 and 12232656?
152
What is the highest common factor of 35721 and 333?
9
What is the greatest common divisor of 1220 and 58865?
305
Calculate the greatest common divisor of 4160 and 7510.
10
What is the highest common divisor of 3168 and 5408?
32
Calculate the highest common factor of 204 and 490926.
102
What is the highest common divisor of 212 and 153541?
53
Calculate the greatest common factor of 15312 and 272976.
528
What is the greatest common factor of 45 and 1834845?
15
Calculate the greatest common divisor of 926 and 6477833.
463
What is the greatest common divisor of 4 and 3311068?
4
What is the highest common divisor of 156 and 108?
12
What is the greatest common factor of 53 and 257?
1
What is the highest common factor of 10010 and 3185?
455
Calculate the greatest common divisor of 240001 and 107.
107
Calculate the greatest common divisor of 77170 and 230.
10
Calculate the greatest common factor of 104 and 2010424.
104
Calculate the greatest common factor of 1103648 and 8.
8
What is the greatest common factor of 1094 and 1213246?
1094
Calculate the greatest common factor of 6672 and 9132.
12
What is the greatest common divisor of 1056 and 2970176?
352
What is the greatest common divisor of 2994309 and 236?
59
Calculate the highest common factor of 15282 and 216.
54
Calculate the greatest common divisor of 16082 and 25432.
374
What is the greatest common factor of 356341 and 43?
43
Calculate the highest common divisor of 1714799 and 12234.
2039
Calculate the greatest common divisor of 364 and 988.
52
Calculate the greatest common divisor of 43 and 302677.
43
Calculate the highest common divisor of 60876 and 171.
171
Calculate the highest common factor of 7168 and 11984.
112
Calculate the highest common divisor of 32980 and 79220.
340
Calculate the greatest common factor of 203 and 86751.
7
What is the greatest common factor of 223 and 7639534?
223
What is the highest common factor of 4699 and 4218?
37
Calculate the highest common factor of 15434 and 10.
2
Calculate the greatest common factor of 155952 and 135.
27
Calculate the highest common divisor of 10948 and 5440.
68
Calculate the highest common divisor of 490 and 196784.
98
Calculate the greatest common factor of 36 and 100854.
18
Calculate the greatest common divisor of 135 and 55665.
45
Calculate the greatest common divisor of 49619 and 236.
59
Calculate the highest common divisor of 781 and 2817422.
71
Calculate the greatest common factor of 94713 and 393.
393
Calculate the highest common divisor of 16 and 407024.
16
Calculate the greatest common divisor of 33 and 399025.
11
Calculate the highest common divisor of 28448 and 13888.
224
What is the highest common factor of 4242 and 1212?
606
Calculate the greatest common divisor of 1213 and 1293058.
1213
What is the highest common divisor of 7602 and 16?
2
Calculate the highest common factor of 224 and 700.
28
What is the greatest common factor of 1985 and 295?
5
Calculate the greatest common divisor of 57480 and 10200.
120
Calculate the greatest common factor of 10947 and 13530.
123
What is the greatest common factor of 133653 and 894?
447
What is the greatest common divisor of 24124 and 1443?
37
What is the greatest common factor of 131722 and 134?
134
What is the greatest common divisor of 1994 and 466?
2
Calculate the highest common factor of 36 and 851868.
36
Calculate the highest common divisor of 8 and 39256.
8
Calculate the greatest common factor of 104193 and 765.
153
What is the greatest common divisor of 104 and 39448?
8
Calculate the greatest common factor of 10080 and 11648.
224
Calculate the greatest common factor of 6 and 39.
3
What is the greatest common divisor of 368400 and 36?
12
Calculate the greatest common